5*r**2 - 322*r + 24547. Give t(198).
-5
Let c(g) = 3*g**2 - 77*g - 1899. Give c(29).
-1609
Let u(z) = -80440*z - 402194. Give u(-5).
6
Let h(w) = 3*w**3 - 43*w**2 - 76*w + 698. What is h(10)?
-1362
Let w(l) = -l**3 - 74*l**2 + 1543*l - 230. Give w(-91).
134
Let x(c) = 36*c**2 - 30146*c + 41809. Determine x(836).
9
Let k(v) = 3*v**3 + 53*v**2 + 303*v - 218. Calculate k(-14).
-2304
Let f(h) = -10676*h + 31748. Determine f(3).
-280
Let d(g) = 2*g**3 + 173*g**2 - 83*g + 137. What is d(-87)?
-211
Let u(j) = 141*j**2 + 9126*j - 2528. What is u(-65)?
7
Let s(i) = -16*i**2 - 1544*i + 25748. Give s(-111).
-4
Let d(o) = -o**3 + 39*o**2 + 4*o + 179. Calculate d(39).
335
Let a(l) = -11*l**2 + 1815*l - 308. Calculate a(165).
-308
Let j(w) = 357*w - 1340. Determine j(5).
445
Let y(u) = u**2 - 7385*u + 10417908. Calculate y(1899).
-6
Let p(i) = -20*i**2 - 2979*i + 21847. Determine p(7).
14
Let c(k) = -13030*k + 13009. Determine c(1).
-21
Let k(h) = 5288*h**2 - 15870*h + 21. Give k(3).
3
Let l(i) = 179837*i - 719305. What is l(4)?
43
Let r(b) = -b**2 + 221*b - 11675. Give r(123).
379
Let s(j) = j**2 - 5917*j + 76745. Calculate s(13).
-7
Let l(z) = 19*z**3 + 112*z**2 - 12*z + 19. What is l(-6)?
19
Let g(t) = 11*t**3 - 1625*t**2 + 1174*t + 234. Give g(147).
-60
Let q(z) = 55994*z**3 - 167983*z**2 + 4*z + 12. Determine q(3).
15
Let y(j) = 14928*j + 418052. Give y(-28).
68
Let p(v) = -84098*v + 84086. Give p(1).
-12
Let q(o) = 4*o**2 - 2936*o + 29013. Determine q(10).
53
Let w(r) = r**3 + 37*r**2 - 346*r + 743. Determine w(-45).
113
Let n(u) = u**2 + 505*u + 35425. Give n(-421).
61
Let u(k) = 2*k**2 - 549*k + 30650. What is u(78)?
-4
Let u(k) = -k**2 + 53*k - 190. Determine u(20).
470
Let t(z) = -5*z**2 - 13004*z - 103812. Give t(-8).
-100
Let i(r) = -807*r - 7832. What is i(-11)?
1045
Let n(s) = -1665*s**2 + 61610*s - 69. What is n(37)?
116
Let t(y) = -2189*y + 207935. Calculate t(95).
-20
Let q(r) = -2*r**2 - 676*r + 316107. Give q(-601).
-19
Let s(p) = 10804*p**2 + 18*p + 15. Calculate s(0).
15
Let b(c) = -37*c - 3254. Determine b(-86).
-72
Let r(g) = -1158*g + 21802. Give r(19).
-200
Let g(j) = -279*j**2 + 707*j - 15. Determine g(3).
-405
Let j(m) = -2*m**3 - 21*m**2 + 10*m + 5. Determine j(-11).
16
Let r(s) = -s**2 - 855*s - 9121. Calculate r(-11).
163
Let m(l) = -34*l**2 - 817*l + 84. Determine m(-24).
108
Let s(m) = 11*m**2 + 554*m - 3035. Determine s(5).
10
Let y(l) = 13*l**2 + 366*l + 58. Determine y(-28).
2
Let u(t) = -2*t**2 - 2664*t + 605792. Determine u(198).
-88
Let f(q) = -q**3 + 36*q**2 + 294*q - 1781. What is f(42)?
-17
Let l(m) = -8*m**2 - 76*m + 107. Determine l(3).
-193
Let b(q) = q**3 - 339*q**2 + 253*q + 28734. Give b(338).
4
Let t(r) = -11*r**3 - 12*r**2 - 2*r + 136. Determine t(3).
-275
Let d(r) = 18*r**2 - 19*r - 22617. What is d(36)?
27
Let h(l) = 2*l**3 - 3838*l**2 - 15404*l - 72. Give h(-4).
8
Let o(x) = 37*x**3 - 444*x**2 - 5*x - 73. What is o(12)?
-133
Let z(g) = 455*g - 6703. Give z(17).
1032
Let c(l) = -7*l**2 + 857*l + 656. Give c(123).
164
Let l(n) = 152986*n + 7802275. Give l(-51).
-11
Let w(u) = u**2 - 6701*u + 737924. Calculate w(112).
-44
Let z(o) = -2001*o - 116045. Calculate z(-58).
13
Let y(z) = 409*z + 4520. Give y(-11).
21
Let k(u) = 3*u**2 - 33249*u + 199380. Calculate k(6).
-6
Let l(o) = -o**3 - 44*o**2 - 229*o + 4401. What is l(-33)?
-21
Let q(d) = -d**3 + 36*d**2 - 2506*d + 58378. Determine q(26).
-18
Let t(s) = 2406*s + 221312. Determine t(-92).
-40
Let k(a) = -93068*a + 185771. Determine k(2).
-365
Let o(m) = 58*m - 2522. Determine o(44).
30
Let d(z) = -3104975*z - 18629848. Calculate d(-6).
2
Let d(i) = -105*i**3 - 13*i**2 - 15*i + 55. Give d(-3).
2818
Let n(h) = -9933*h + 19340. Calculate n(2).
-526
Let c(n) = 628*n - 17855. Calculate c(26).
-1527
Let o(d) = 669*d + 79514. Give o(-117).
1241
Let k(q) = -q**3 - 113*q**2 - 128*q - 2962. Calculate k(-112).
-1170
Let m(b) = 388*b - 4595. Calculate m(12).
61
Let k(x) = -5*x**2 - 17645*x + 35296. Give k(2).
-14
Let v(s) = -2*s**2 + 170*s - 2372. Give v(18).
40
Let d(u) = 198910*u - 3182546. Calculate d(16).
14
Let t(p) = -p**2 + 58*p + 99. What is t(83)?
-1976
Let x(j) = -173*j - 3486. Calculate x(-20).
-26
Let d(u) = -2155*u + 317. Calculate d(0).
317
Let s(o) = 447*o**2 + 16157*o - 14138. What is s(-37)?
-4
Let t(d) = -2*d**3 - 662*d**2 + 4042*d - 645. Determine t(-337).
29
Let a(s) = -5236*s - 52434. Determine a(-10).
-74
Let t(g) = -841*g - 2323. Determine t(-3).
200
Let l(m) = 135772*m - 814654. Give l(6).
-22
Let h(u) = 8*u**3 - 165*u**2 + 50*u - 850. What is h(20)?
-1850
Let i(u) = -434*u - 15270. Determine i(-33).
-948
Let p(c) = -20*c**3 + 67*c**2 + 212*c + 155. Give p(-2).
159
Let h(f) = f**3 - 7*f**2 + 617*f - 3641. What is h(6)?
25
Let w(x) = -61685*x - 2159007. Calculate w(-35).
-32
Let z(i) = 14*i**2 - 345*i + 27. Determine z(26).
521
Let t(k) = 14*k**2 - 176*k - 218. What is t(10)?
-578
Let q(c) = 17*c**2 - 1273*c - 2537. Calculate q(-2).
77
Let j(f) = 59*f**2 + 679*f + 336. Give j(-11).
6
Let l(o) = o**2 + 190*o + 8881. Determine l(-108).
25
Let s(o) = 3*o**2 + 795*o + 42607. Determine s(-190).
-143
Let u(k) = -k**3 - 797*k**2 - 143797*k - 274. What is u(-276)?
2
Let r(n) = -221524*n - 5095049. Give r(-23).
3
Let o(n) = 37*n**3 - 1516*n**2 - 66*n + 1015. What is o(41)?
-10
Let t(k) = 3*k**2 - 191294*k + 956432. Determine t(5).
37
Let m(y) = 3*y**3 + 8*y**2 + 10*y - 101. Give m(4).
259
Let u(a) = -13*a**2 - 9*a - 1290. Give u(0).
-1290
Let q(b) = 11*b**2 + 1123*b - 13419. Give q(12).
1641
Let c(o) = -2*o**3 - 16*o**2 - 62504*o - 500038. Determine c(-8).
-6
Let x(k) = 5436*k + 168524. Determine x(-31).
8
Let z(x) = -2*x**3 - 114*x**2 + 2886*x - 65. Calculate z(-76).
87
Let n(m) = -145225*m + 1161744. Calculate n(8).
-56
Let h(f) = 5507*f - 230829. Give h(42).
465
Let q(r) = -r**2 - 23053*r - 2523716. Calculate q(-110).
14
Let q(f) = -f**3 + 69*f**2 + 13812*f - 525. Calculate q(-88).
-173
Let o(p) = 426*p - 74055. Calculate o(171).
-1209
Let m(w) = -w**2 + 125*w - 3651. Calculate m(66).
243
Let g(x) = 1041*x + 50642. Determine g(-48).
674
Let q(i) = 27*i**2 + 5746*i + 40329. Determine q(-7).
1430
Let o(n) = -1071*n - 2114. Give o(-2).
28
Let i(o) = -237*o**2 + 10664*o + 10666. Determine i(-1).
-235
Let l(z) = z**3 + 78*z**2 + 1567*z + 720. What is l(-40)?
-1160
Let t(k) = -200577*k + 73611762. Determine t(367).
3
Let d(i) = -i**3 + 47*i**2 - 195*i + 11677. What is d(48)?
13
Let m(g) = -g**2 - 402*g + 17659. Give m(40).
-21
Let z(k) = 502*k + 4243. Calculate z(-8).
227
Let k(w) = w**3 + 713*w**2 + 2117*w - 9257. Determine k(-710).
-27
Let j(c) = c**2 + 238*c + 14098. Determine j(-131).
81
Let m(c) = -5110*c + 35967. Calculate m(7).
197
Let i(o) = -126*o**2 + 89*o + 62. Give i(-1).
-153
Let j(n) = -6*n**2 + 398*n - 5974. Determine j(31).
598
Let s(v) = 176*v + 5595. Determine s(-32).
-37
Let d(t) = -2*t**2 - 26534*t + 159147. Calculate d(6).
-129
Let y(z) = -z**3 - 30*z**2 + 1013*z + 722. What is y(-50)?
72
Let w(m) = m**3 + 33115*m**2 + 297950*m - 37. What is w(-9)?
-1
Let w(n) = -6947*n - 145914. Calculate w(-21).
-27
Let k(t) = t**3 + 42*t**2 + 422*t - 36. Give k(-17).
15
Let a(z) = -z**3 + 110*z**2 - 163*z + 5884. What is a(109)?
-2
Let j(u) = u**2 - 265*u - 2450. Calculate j(-9).
16
Let d(j) = j**2 - 2914*j + 502366. Determine d(184).
46
Let o(t) = 24*t**2 - 1103*t + 2113. Determine o(44).
45
Let v(x) = 856*x - 16478. What is v(19)?
-214
Let s(o) = -304*o**2 + 6931*o - 33064. Determine s(16).
8
Let p(t) = 196*t + 2767. Calculate p(-14).
23
Let f(o) = 3272*o - 26566. What is f(8)?
-390
Let d(b) = -5*b**3 + 467*b**2 - 653*b - 599. Determine d(92).
-1427
Let h(v) = v**3 - 100*v**2 + 835*v + 25. Give h(9).
169
Let l(d) = 2679*d - 35663. Give l(13).
-836
Let z(f) = f**3 - 149*f**2 - 17968*f - 9974. Give z(228).
58
Let p(v) = -2*v**3 - 4102*v + 20490. What is p(5)?
-270
Let a(f) = 4091*f + 8171. What is a(-2)?
-11
Let s(t) = t**3 - 53*t**2 + 329*t + 817. Calculate s(46).
1139
Let v(f) = 12*f - 920. Calculate v(-57).
-1604
Let j(g) = -64*g**3 - 259*g**2 - 25*g + 12. Calculate j(-4).
64
Let l(y) = 52*y**2 - 1166*y + 512. What is l(22)?
28
Let p(c) = c**3 + 36*c**2 + 109*c + 4075. Determine p(-36).
151
Let i(k) = 620*k - 3654. What is i(6)?
66
Let g(t) = -2